. Let o(z) = -43*z + 5 - b + 46*z. What is o(x)?
-7
Suppose -2*k - 6 = 0, 5*p - 3*p + 4*k = 2. Let t(b) = -95 - 84 + 175 - b**2 + 10*b. Determine t(p).
17
Let u(v) be the second derivative of -v**4/12 + v**3 + 50*v + 2. Let x(m) = -m**2 + 7*m + 3. Let d be x(7). Let z be d*-6*(-1)/3. Give u(z).
0
Let v(o) = 50*o**3 - 7*o**2 + 17*o - 5. Let k(t) = -75*t**3 + 10*t**2 - 24*t + 7. Let q(h) = 5*k(h) + 7*v(h). Calculate q(1).
-25
Let y be -107 + (10/30)/(1/6). Let i = y + 104. Let j(n) = 4*n**3 - 1. Calculate j(i).
-5
Suppose 0 = -2*c - c + 2*x + 1, -c + 3*x + 12 = 0. Let a(l) = l - 4. Let m(u) = -5*u + 17. Let p(o) = -9*a(o) - 2*m(o). Give p(c).
-1
Let i(q) be the second derivative of -q**5/60 - q**4/12 + 5*q**3/6 + 5*q. Let c(t) be the second derivative of i(t). Suppose 5*o + 55 - 30 = 0. Determine c(o).
8
Let p(o) = -o**3 - 3*o**2 - 3*o - 3. Let l be (1/(-2))/(1/(-8)). Suppose t = 2, 0 = -v - 4*t + 2*t + 11. Let s = l - v. Determine p(s).
6
Suppose -847 = 3*k - 868. Let i(w) = -w**3 + 8*w**2 - 6*w - 6. Determine i(k).
1
Suppose h - 3 = -1. Let i(o) = 0*o**2 - o**h - 1 - 2 + 2*o + 3*o. What is i(3)?
3
Let i(a) = a**3 - 4*a**2 - 4*a - 2. Let v = 1 - 1. Suppose -11*g + 6*g + 75 = v. Suppose 5*o = 10 + g. Determine i(o).
3
Let x be (-10)/(-5)*15/(-10). Let m(f) = 2*f - f - 3*f + f. Give m(x).
3
Let v(w) = -5*w**2 + 7*w + 10. Let j(d) = -11*d**2 + 16*d + 21. Let u(q) = 4*j(q) - 9*v(q). Determine u(6).
36
Let x(q) = 5*q + 59. Let b be x(-12). Let z(m) be the third derivative of -m**5/20 - m**4/24 + 3*m**2. Determine z(b).
-2
Let w(l) = l**3 + 5*l**2 + 2*l - 5. Let m(d) = 17*d - 8. Let g be m(8). Suppose -2*t + q + 3*q = -g, 5*q - 350 = -5*t. Let a be 2/8 + t/(-16). What is w(a)?
3
Let i(v) = -v**3 + v**2 - v + 2. Let m(h) = 2*h**2 - 28*h + 16. Let w be m(13). Let x be 30/w - (-3)/1. Calculate i(x).
2
Let c(t) = -3*t + 6. Let k = 657 + -657. Determine c(k).
6
Let z(m) = -31*m**3 - m - 1. Suppose 4*j - 19 + 29 = -3*p, 2*j + 8 = -3*p. Determine z(j).
31
Let v = -255 + 239. Let u(s) = -s**2 - 15*s + 19. What is u(v)?
3
Let n(l) = -1 - 411*l - 11 + 410*l. Let u be (-7)/(0 - (1 + 0)). Let f(z) = -z + 7. Let y be f(u). Give n(y).
-12
Suppose 2*o + 3 = o. Let v(z) be the first derivative of z**4/4 + z**3 - z**2 - 379. Give v(o).
6
Let k(d) = d + 6*d + 0 - 7 + 6*d**2. Let s(u) = 12*u**2 + 15*u - 15. Let n(m) = 13*k(m) - 6*s(m). Suppose 3*w + 2 - 5 = 0. What is n(w)?
6
Let i = 38884 + -26550. Let v(z) = -i + 12334 + 3*z. Suppose x + 3*y + 21 = 0, 2*x - 4 = x + 2*y. Determine v(x).
-18
Let p = 69 - 77. Let v be -9 + (1/(-2) - 36/p). Let q(d) = d. What is q(v)?
-5
Let d(u) = -3*u**3 + 6*u**2 - 3 + u**3 + 4*u - 6*u**2 + u**2. Calculate d(2).
-7
Let y(o) = o + 4. Let c be y(0). Suppose 4*s - 4 = 2*s. Let z(n) = s*n - 2*n - 5*n + 2 + 6*n. Calculate z(c).
6
Suppose -23 = 4*w - 3. Suppose -f - 2 = -5. Let o(q) = -q**3 + q**3 + 6 + 5*q**2 + 2*q - 4*q**f + 5*q**3. Determine o(w).
-4
Let n(w) = 19*w**2 - 11*w. Let q(h) = -5*h**2 + h + 1. Let s(i) = -n(i) - 4*q(i). What is s(-6)?
-10
Let u(p) = -10*p**2 + 5*p**2 + 7 - 5*p + 12*p**3 + 16*p**3 - 29*p**3. Calculate u(-3).
4
Suppose -5*o + 2*v - 27 = v, 2*o = -v - 8. Let z(k) = -4*k**2 - 5*k - 5. Let f(q) = 3*q**2 + 3*q + 3. Let n(u) = -5*f(u) - 4*z(u). Calculate n(o).
5
Let l be 78/(-36) + (5/6)/5. Let p(i) be the first derivative of -4*i**3/3 - i - 9. Determine p(l).
-17
Let d = 1 - 4. Let y = 3 + d. Let i(n) = 4*n**3 + 3*n**2 + n + 4. Let a(z) = -11*z**3 - 8*z**2 - 3*z - 12. Let w(g) = 3*a(g) + 8*i(g). Determine w(y).
-4
Let s(d) = -2*d**3 + 3*d + 1. Suppose -9*w - 13 = 5. Determine s(w).
11
Let g(w) = -w**2. Let s(u) = u**2 + u + 1. Let v(h) = 2*h**2 + 2*h + 1. Let t(r) = s(r) - v(r). Let m(k) = -3*g(k) + 4*t(k). Calculate m(-5).
-5
Let a be (30/45)/((-2)/9). Suppose 5*m = -2*c + 42, -5*c - 5 = -4*m + 22. Let v(h) = -3*h - 2*h + m*h + h + h**2 + 1. Calculate v(a).
-2
Let p = -13 - -14. Suppose k + 29 = -5*t, -3 + p = -2*k. Let l(u) = 3*u + 2*u - 4*u - 4*u - 5. Give l(t).
13
Let k(f) = -11*f**3 + f**2 - 8*f + 6. Let v(y) = -7*y**3 + y**2 - 5*y + 4. Let o(u) = 5*k(u) - 8*v(u). Let t = 18 + -28. Let r be (-6)/(-5)*t/(-4). Give o(r).
-2
Let q(w) be the third derivative of w**6/120 - w**5/20 - 5*w**4/24 + w**3/6 - 482*w**2. Give q(4).
-3
Let z be (-3)/5 - ((-4659)/15 - 4). Let c(o) = 636 - z - 5*o - 323. Let v(n) = -n + 4. Let k be v(3). Give c(k).
-6
Let q(j) = j**3 + 4*j**2 - 3. Suppose 7 = o + 5*n, o + 3*n - 10 + 3 = 0. Suppose 0 = s + w + o, -2*s - 3*s + 3*w - 3 = 0. What is q(s)?
6
Let y = -1 - 0. Suppose -16 = 4*z - 36. Let w(n) = -n**3 - 7*n**2 - 4*n + 6. Let v(m) = -m**3 - 8*m**2 - 5*m + 7. Let g(o) = z*v(o) - 6*w(o). Calculate g(y).
1
Let f be (-8)/(-3) - 8/(-24). Let g = f - 3. Let i(y) = -8*y**2 + g*y**2 + 7*y**2 - 5*y + 4*y. What is i(0)?
0
Let r = 7 + -6. Let u(a) be the second derivative of -5*a**4/6 + 21*a. Give u(r).
-10
Suppose 41 - 14 = 3*l. Let r = l + -5. Let q(k) = k**3 - 4*k**2 + k + 2. Calculate q(r).
6
Let v(m) = m**2 - 3*m - 2. Let x be v(4). Let h be (2/4)/((-1)/x). Let l(s) be the third derivative of -s**6/24 - s**5/60 - s**4/24 - 38*s**2. Give l(h).
5
Let x(h) = h**2 + 7*h - 7. Suppose -2*y - 8 = 0, -6*u + y = -3*u + 20. Let f be x(u). Let b(r) = 4*r**3 - 2*r**2 + 2*r - 1. Calculate b(f).
3
Let m(h) be the third derivative of h**4/24 - h**3/3 + h**2 - 316*h. What is m(-2)?
-4
Let g(d) = -d**3 - 17*d**2 - 18*d + 1. Let b be g(-16). Suppose -2*z + 12 = 2*p - p, 5*z + p = b. Let v(x) = -x**2 + 6*x - 5. Give v(z).
-12
Suppose 4*k = -4*v - 68, k = -2*k + 9. Let i = -19 - v. Let r(g) = -g + 0 + 2*g - 3 - g**2 + i. What is r(2)?
-4
Let i(h) be the first derivative of -h**4/4 + 2*h**3/3 - h**2/2 + 2*h - 2. Let r = 249 - 246. Calculate i(r).
-10
Let c(p) = p**2 - 8*p - 2. Let t(l) = -l**2 - 19*l - 51. Let s be t(-15). Give c(s).
7
Suppose 2*q - 4 = 2. Let h(c) = c - 4 + 3*c**3 + 5*c**3 - 4*c**3 - 5*c**q. Suppose 0 = -5*u + 6*u. Give h(u).
-4
Let j(m) = 6*m + 1 + 9*m + 3 - 3. Let z be (2 + 1)*(-12 - (-444)/36). Calculate j(z).
16
Suppose -m = m - 10. Let h(k) = 9*k - k**3 - 42 + 45 + 4*k**3. Let n(u) = 5*u**3 + u**2 + 17*u + 5. Let f(p) = 7*h(p) - 4*n(p). Determine f(m).
1
Let t(k) be the first derivative of k**2/2 - 10*k + 2. Let i = -46 + 92. Suppose -6 = 5*s - i. Give t(s).
-2
Let g(r) = 62*r - 14*r - 18*r - 7 - 10*r - 19*r. Determine g(22).
15
Let m = -84 + 87. Let u(z) = m + 3 - 3*z - 6. Calculate u(1).
-3
Let o(r) = r - 1. Suppose 0 = -11*s + 15*s + 5*q + 6, -4*q - 13 = -5*s. What is o(s)?
0
Let d be 54 + (4/2 - (-15 + 14)). Let w = d + -63. Let u(g) = -g - 4. Calculate u(w).
2
Let i(u) = -u**2 - 7*u + 2. Suppose -5*h = 5 + 25. Give i(h).
8
Let j(o) = -3*o**2 + 2*o. Suppose -3*r + 1 = -5. Suppose -4*d = -3*g + 2, 2*g - 5*d = -3*d + r. Give j(g).
-8
Let z = -2 + 0. Let o be z + 10/(-4)*-2. Let w(n) = n**2 - 4*n + 2. Let v(m) = 2*m**2 - 8*m + 5. Let u(x) = 2*v(x) - 5*w(x). Calculate u(o).
3
Let o(k) = 4*k. Let b(z) = -z**2 + 7*z + 6. Let q be b(8). Let p be 1 + -1 - (-1 - q). Let v be 1 + -3 - p - 1. Determine o(v).
-8
Let j be 12/(-1*3) + -1. Let h(t) = 5*t + t**3 - 18 + 0*t - 9*t + 4*t**2 + 24. Determine h(j).
1
Let a(k) = k**3 + k**2 - 2*k - 10. Let g be a(0). Let f(v) = v**2 + 8*v - 4. What is f(g)?
16
Let r(c) = c - 1. Let j(g) = 3*g**2 + 3*g - 4. Let w(a) = -2*j(a) + 6*r(a). Let i(m) = -13*m - 310. Let q be i(-24). Give w(q).
-22
Let l be ((-1)/1)/((-9)/99). Let j(p) be the first derivative of l + 2*p**2 - p + 2*p + 0*p**2 + 2*p. Determine j(-2).
-5
Let f(s) be the second derivative of -s**5/20 + s**4/2 + 3*s**3/2 - 7*s**2/2 + 64*s. Calculate f(7).
7
Let j(d) = 3*d - 1. Let v(h) = -h. Let o(m) = 4*j(m) + 11*v(m). Let z be (-1)/(97/(-24) + 4). Let g(y) = y**3 - 23*y**2 - 23*y - 24. Let p be g(z). Give o(p).
-4
Let d(f) = 42*f - 135*f + 49*f + 43*f. Let m be (-14)/(-6) + (-8)/(-12). Determine d(m).
-3
Let y(k) = 19*k - 53. Let j be y(3). Let n(p) = -p + 5. What is n(j)?
1
Let l(u) = -10*u**3 + 3*u**2 - u. Let q be ((-20)/90)/((-9)/81). Give l(q).
-70
Suppose -2*a = -3 + 5. Let t(c) be the second derivative of 4*c + 0*c**2 - 2/3*c**4 - 1/6*c**3 - 1. Determine t(a).
-7
Let m be 1*-1 + (4 - 2). Let y(t) = -20*t**2 - 12*t - 3. Let w(l) = -11*l**2 - 6*l - 1. Let c(v) = 2*w(v) - y(v). Give c(m).
-1
Let 